mmon factor of 8 and 148.
4
Calculate the highest common divisor of 14 and 567.
7
What is the greatest common divisor of 276 and 24?
12
What is the greatest common factor of 8204 and 112?
28
What is the greatest common factor of 439 and 2?
1
What is the greatest common factor of 8804 and 213?
71
What is the greatest common factor of 2415 and 42?
21
Calculate the highest common factor of 511 and 292.
73
What is the highest common factor of 68 and 80?
4
What is the greatest common divisor of 111 and 150?
3
Calculate the highest common factor of 8 and 72.
8
What is the highest common divisor of 1029 and 588?
147
What is the highest common divisor of 9 and 7?
1
Calculate the greatest common divisor of 11837 and 133.
133
What is the highest common divisor of 150 and 12?
6
What is the highest common divisor of 120 and 72?
24
What is the highest common factor of 39 and 52?
13
Calculate the greatest common factor of 915 and 60.
15
Calculate the greatest common divisor of 16 and 21392.
16
What is the highest common factor of 13783 and 77?
77
Calculate the highest common divisor of 122 and 15860.
122
What is the greatest common divisor of 57 and 133?
19
What is the highest common factor of 1001 and 3080?
77
Calculate the highest common divisor of 1107 and 1189.
41
Calculate the greatest common factor of 91 and 507.
13
Calculate the greatest common divisor of 338 and 104.
26
What is the highest common divisor of 589 and 76?
19
Calculate the greatest common divisor of 93 and 21.
3
Calculate the highest common factor of 11 and 23.
1
Calculate the greatest common divisor of 1359 and 18.
9
What is the greatest common divisor of 7 and 399?
7
What is the greatest common divisor of 60 and 165?
15
What is the greatest common factor of 320 and 1472?
64
Calculate the greatest common factor of 77 and 1309.
77
What is the highest common factor of 1024 and 304?
16
What is the highest common factor of 994 and 14?
14
What is the highest common divisor of 68 and 2516?
68
What is the greatest common factor of 41 and 697?
41
What is the greatest common divisor of 1464 and 72?
24
Calculate the highest common factor of 1408 and 55.
11
Calculate the greatest common factor of 18142 and 94.
94
What is the greatest common factor of 24 and 264?
24
What is the greatest common factor of 50 and 250?
50
What is the greatest common factor of 11424 and 96?
96
What is the greatest common factor of 416 and 96?
32
Calculate the greatest common factor of 504 and 5768.
56
What is the highest common factor of 528 and 11?
11
Calculate the highest common factor of 1 and 17.
1
What is the greatest common factor of 99 and 33?
33
Calculate the greatest common factor of 280 and 2880.
40
What is the greatest common divisor of 40 and 8?
8
What is the greatest common divisor of 51 and 3043?
17
Calculate the greatest common factor of 1 and 80.
1
Calculate the highest common divisor of 220 and 1760.
220
What is the greatest common factor of 276 and 24?
12
What is the greatest common divisor of 91 and 1001?
91
What is the greatest common factor of 1372 and 28?
28
What is the greatest common factor of 10 and 112?
2
What is the highest common divisor of 738 and 574?
82
What is the highest common factor of 14 and 1981?
7
What is the greatest common divisor of 16 and 9976?
8
Calculate the highest common divisor of 1450 and 25.
25
Calculate the greatest common divisor of 9 and 567.
9
What is the highest common divisor of 210 and 10?
10
Calculate the greatest common factor of 375 and 30.
15
Calculate the greatest common factor of 453 and 3.
3
Calculate the highest common factor of 2907 and 3519.
153
What is the highest common divisor of 3 and 339?
3
What is the highest common factor of 9612 and 324?
108
Calculate the highest common factor of 6220 and 20.
20
What is the highest common divisor of 1393 and 21?
7
Calculate the greatest common factor of 26 and 3107.
13
What is the greatest common divisor of 168 and 540?
12
Calculate the highest common divisor of 52 and 25350.
26
What is the highest common divisor of 1568 and 1421?
49
Calculate the greatest common divisor of 1539 and 456.
57
Calculate the highest common divisor of 350 and 280.
70
What is the highest common divisor of 3240 and 20?
20
Calculate the greatest common factor of 38 and 2945.
19
Calculate the highest common divisor of 20 and 4.
4
What is the greatest common factor of 636 and 477?
159
What is the greatest common factor of 8 and 62?
2
Calculate the greatest common divisor of 462 and 132.
66
What is the greatest common factor of 108 and 1536?
12
Calculate the greatest common factor of 7427 and 21.
7
Calculate the highest common divisor of 198 and 18.
18
What is the greatest common divisor of 2162 and 846?
94
Calculate the highest common divisor of 1005 and 15.
15
Calculate the greatest common divisor of 82 and 59942.
82
Calculate the greatest common divisor of 2535 and 26.
13
Calculate the highest common divisor of 16 and 2416.
16
What is the highest common divisor of 195 and 60?
15
Calculate the greatest common factor of 8055 and 90.
45
What is the highest common factor of 7392 and 252?
84
What is the highest common divisor of 1 and 939?
1
Calculate the highest common divisor of 9658 and 66.
22
Calculate the highest common factor of 84 and 4656.
12
Calculate the greatest common factor of 1050 and 60.
30
Calculate the greatest common divisor of 266 and 98.
14
What is the greatest common factor of 232 and 377?
29
What is the highest common factor of 1395 and 124?
31
What is the greatest common divisor of 561 and 33?
33
What is the highest common divisor of 225 and 20?
5
Calculate the highest common factor of 18291 and 1092.
273
Calculate the greatest common divisor of 13 and 5837.
13
Calculate the highest common divisor of 3976 and 224.
56
What is the highest common divisor of 44 and 3718?
22
What is the highest common factor of 204 and 272?
68
Calculate the greatest common factor of 48 and 144.
48
Calculate the greatest common divisor of 7744 and 11.
11
What is the greatest common divisor of 108 and 1188?
108
What is the highest common factor of 1643 and 31?
31
What is the greatest common divisor of 1944 and 8?
8
What is the highest common factor of 88 and 2024?
88
What is the highest common divisor of 174 and 56376?
174
Calculate the greatest common divisor of 66 and 1419.
33
Calculate the greatest common divisor of 275 and 33.
11
What is the highest common divisor of 751 and 1?
1
What is the greatest common divisor of 558 and 6?
6
What is the highest common factor of 15 and 345?
15
What is the highest common divisor of 44 and 2222?
22
What is the greatest common divisor of 3152 and 16?
16
What is the highest common factor of 475 and 209?
19
What is the highest common factor of 1544 and 8?
8
Calculate the highest common divisor of 1984 and 64.
64
Calculate the highest common factor of 396 and 120.
12
Calculate the highest common factor of 291 and 3.
3
What is the greatest common divisor of 96 and 4248?
24
What is the highest common factor of 126 and 36?
18
What is the highest common factor of 5986 and 41?
41
Calculate the greatest common factor of 2652 and 36.
12
What is the highest common divisor of 1378 and 52?
26
Calculate the greatest common factor of 638 and 22.
22
What is the greatest common divisor of 10 and 890?
10
Calculate the highest common factor of 158 and 4819.
79
What is the greatest common divisor of 24 and 26?
2
What is the greatest common factor of 640 and 120?
40
Calculate the greatest common factor of 3145 and 85.
85
What is the greatest common divisor of 14283 and 135?
27
Calculate the highest common divisor of 40 and 56.
8
Calculate the greatest common factor of 1760 and 330.
110
What is the highest common divisor of 14758 and 94?
94
What is the highest common factor of 918 and 33660?
306
What is the highest common factor of 1104 and 69?
69
What is the highest common divisor of 28 and 128?
4
What is the highest common factor of 332 and 2?
2
Calculate the greatest common divisor of 8 and 8.
8
Calculate the highest common factor of 39242 and 28.
14
What is the highest common factor of 238 and 518?
14
What is the greatest common divisor of 117 and 65?
13
Calculate the highest common divisor of 585 and 2015.
65
What i